actor of 1760 and 14410.
110
Calculate the greatest common factor of 1467 and 520133.
163
What is the greatest common divisor of 226763 and 17?
17
Calculate the greatest common factor of 18 and 6867828.
18
What is the greatest common factor of 26671 and 31439?
149
What is the highest common factor of 4251 and 192276?
327
What is the greatest common divisor of 5684 and 392?
196
Calculate the highest common factor of 1190 and 30430.
170
What is the highest common factor of 1867382 and 136?
34
Calculate the greatest common factor of 107 and 4027587.
107
Calculate the highest common factor of 351 and 104571.
27
What is the highest common divisor of 3973 and 638?
29
What is the highest common factor of 103344 and 8?
8
What is the greatest common factor of 15 and 24534165?
15
Calculate the highest common divisor of 34 and 3145.
17
Calculate the highest common divisor of 3726 and 8154.
54
Calculate the highest common divisor of 369 and 2547.
9
What is the highest common factor of 83 and 141017?
83
Calculate the greatest common divisor of 156 and 4390516.
52
Calculate the highest common divisor of 81 and 181143.
27
Calculate the highest common factor of 28036 and 1548.
172
Calculate the greatest common divisor of 5892 and 728644.
1964
Calculate the greatest common divisor of 40618 and 874.
46
What is the greatest common divisor of 152 and 5092?
76
What is the greatest common factor of 5370 and 6802?
358
Calculate the greatest common factor of 8910 and 23430.
330
What is the highest common divisor of 8745 and 110?
55
Calculate the highest common divisor of 32 and 789560.
8
Calculate the greatest common factor of 136164 and 24.
12
What is the greatest common divisor of 465744 and 5208?
744
Calculate the greatest common divisor of 32638 and 2.
2
Calculate the highest common factor of 518 and 16016.
14
Calculate the highest common divisor of 43968 and 333882.
1374
What is the highest common divisor of 10128 and 144?
48
Calculate the highest common divisor of 236727 and 27.
9
What is the greatest common divisor of 1547 and 16303?
119
What is the greatest common factor of 48 and 7600?
16
Calculate the greatest common divisor of 37422 and 6006.
462
Calculate the highest common factor of 13908 and 1464.
732
Calculate the highest common factor of 118 and 1831183.
59
What is the highest common divisor of 38 and 13322496?
38
Calculate the greatest common divisor of 8975 and 450.
25
What is the greatest common divisor of 272 and 174896?
272
Calculate the greatest common factor of 336132 and 108.
36
What is the highest common divisor of 1967238 and 63?
63
Calculate the greatest common factor of 113375 and 350.
25
Calculate the greatest common divisor of 12190 and 22954.
46
Calculate the greatest common factor of 2600197 and 439.
439
Calculate the greatest common factor of 291 and 78279.
291
Calculate the highest common factor of 205 and 5881860.
205
What is the highest common factor of 632 and 1144?
8
Calculate the highest common factor of 284 and 1527707.
71
Calculate the greatest common factor of 351 and 4901.
13
What is the greatest common divisor of 41688 and 18?
18
What is the highest common factor of 244 and 2684?
244
Calculate the highest common factor of 6498 and 5054.
722
Calculate the highest common divisor of 90 and 4176180.
90
What is the greatest common divisor of 26769 and 1?
1
What is the greatest common divisor of 2364795 and 1620?
405
What is the highest common factor of 22509 and 3321?
369
Calculate the greatest common factor of 8127 and 594.
27
What is the greatest common divisor of 20064 and 16104?
264
What is the highest common divisor of 48500 and 40?
20
What is the greatest common divisor of 2205 and 135?
45
What is the highest common divisor of 40 and 32050?
10
What is the highest common factor of 12224 and 191?
191
Calculate the greatest common factor of 2098091 and 601.
601
What is the highest common divisor of 846 and 98700?
282
What is the highest common divisor of 92 and 14122?
46
Calculate the highest common divisor of 70512 and 54912.
624
What is the greatest common factor of 792 and 226908?
396
What is the highest common divisor of 18 and 58059?
9
Calculate the greatest common divisor of 3939 and 780.
39
What is the highest common factor of 3 and 35961?
3
Calculate the greatest common divisor of 238 and 47362.
238
What is the greatest common factor of 126 and 541962?
18
What is the greatest common factor of 58742 and 138?
46
What is the greatest common factor of 58 and 87319?
29
Calculate the greatest common divisor of 4928 and 251504.
176
Calculate the greatest common factor of 21346 and 533.
13
Calculate the highest common divisor of 18 and 25686.
18
Calculate the highest common factor of 34 and 208301.
17
What is the greatest common divisor of 16537 and 299?
23
What is the highest common factor of 4056 and 63024?
312
What is the greatest common factor of 8 and 102152?
8
What is the highest common divisor of 6 and 1658892?
6
Calculate the highest common divisor of 130 and 199480.
10
What is the greatest common factor of 3771709 and 179?
179
Calculate the highest common factor of 738 and 100983.
123
What is the highest common factor of 4485 and 2379?
39
What is the highest common factor of 288 and 23008?
32
Calculate the greatest common divisor of 57832 and 64.
8
What is the greatest common divisor of 39176 and 1298?
118
What is the greatest common factor of 10575 and 3924?
9
What is the highest common factor of 5624 and 2072?
296
What is the greatest common factor of 72 and 3276?
36
Calculate the greatest common factor of 944 and 1239.
59
What is the greatest common divisor of 659135 and 2188?
547
Calculate the highest common factor of 145260 and 513.
27
Calculate the greatest common factor of 9960 and 31955.
415
Calculate the highest common factor of 99 and 529188.
33
What is the highest common divisor of 38 and 11291738?
38
What is the highest common factor of 144 and 180384?
48
Calculate the greatest common divisor of 146809 and 299.
299
Calculate the highest common divisor of 320 and 296280.
40
Calculate the greatest common factor of 390 and 192.
6
Calculate the greatest common factor of 2733 and 297.
3
What is the highest common factor of 364460 and 60?
20
Calculate the greatest common divisor of 98 and 60662.
98
What is the highest common divisor of 135464 and 2952?
328
What is the highest common factor of 29560 and 9560?
40
What is the greatest common divisor of 48 and 65334?
6
What is the highest common factor of 74009 and 13?
13
Calculate the highest common divisor of 440 and 69210.
10
Calculate the greatest common factor of 969 and 10089.
57
What is the greatest common divisor of 3582 and 2889?
9
Calculate the greatest common factor of 15879 and 31363.
79
Calculate the highest common divisor of 27379 and 1463.
209
Calculate the greatest common divisor of 120 and 36189.
3
What is the greatest common factor of 47446 and 70?
14
Calculate the highest common factor of 134 and 539551.
67
Calculate the greatest common divisor of 31698 and 1242.
54
What is the greatest common divisor of 4443 and 111?
3
What is the greatest common divisor of 246 and 726?
6
Calculate the highest common factor of 21 and 261933.
21
Calculate the greatest common factor of 4714631 and 177.
59
Calculate the greatest common divisor of 56574 and 84.
42
What is the greatest common factor of 33 and 2112?
33
Calculate the highest common divisor of 27552 and 1120.
224
What is the greatest common divisor of 44856 and 882?
126
Calculate the highest common divisor of 1883 and 7371.
7
What is the highest common divisor of 22 and 65945?
11
What is the greatest common divisor of 84 and 13884?
12
Calculate the highest common divisor of 33 and 42733.
1
Calculate the greatest common factor of 373279 and 1696.
53
Calculate the greatest common factor of 9110 and 6520.
10
Calculate the greatest common divisor of 7923 and 35967.
57
What is the greatest common factor of 7273243 and 109?
109
What is the greatest common divisor of 3567 and 3198?
123
What is the highest common divisor of 22912 and 9280?
64
Calculate the greatest common divisor of 577045 and 105.
35
What is the highest common factor of 180 and 40300?
20
What is the greatest common divisor of 10203 and 57